 18*k**3 - 4 - 12*k**3. List the prime factors of h(p).
5, 11
Let n(b) = 3*b**2 + 116*b - 9. Let w be n(-36). Let y = 555 + w. List the prime factors of y.
2, 3, 43
Let d(i) = i**2 + 5*i - 14. Let b be 0 + -2 + 4 + -9. Let g be d(b). Let p(h) = h**2 + h + 54. List the prime factors of p(g).
2, 3
Let r = -57228 + 84307. What are the prime factors of r?
13, 2083
Let w(t) = 3*t**2 - 21*t - 3. Suppose -4*p - l = -55, 6*p - 3*p - 3*l = 30. List the prime factors of w(p).
3, 7, 11
Let f = -7 - 14. Let t = 53 + f. Suppose i - 32 = t. What are the prime factors of i?
2
Suppose 7*f + 65 = 23. What are the prime factors of 274/(-4 - f - (1 + -1))?
137
Let x(g) = 20*g - 202 + 12*g**2 + 429 - 166. What are the prime factors of x(-3)?
109
Let b(k) = 2*k**2 - 34*k + 49. Let h be b(12). Let o = h - -396. What are the prime factors of o?
5, 13
Let n = -94 + 1127. Let q = -444 + n. What are the prime factors of q?
19, 31
Suppose 11*u + 54*u + 10*u - 4864875 = 0. List the prime factors of u.
5, 12973
Let r be (-1)/(-2 - (-2)/(-1 + 3)). Suppose z - 2*z = -r. What are the prime factors of (z/(-2))/(948/952 + -1)?
7, 17
Let p be (9/12)/(15/40). Suppose 0 = -4*l - 3*t - 1, -5*t - 23 = -p*l - 2*l. List the prime factors of (-266 - 2)/l*7/(-14).
67
Suppose -h = -s - 6706, -11*h + 10*h = -4*s - 6694. What are the prime factors of h?
2, 5, 11, 61
Suppose 2*f - 1 = -5*g + 12, g + 3*f = 0. Suppose 45 = 3*j + 2*j + 5*a, -4*a = -g*j + 62. What are the prime factors of (58/3)/(j/21)?
29
Suppose 519*k + 27*k - 8260632 = 1053582. List the prime factors of k.
7, 2437
Let o = 5610 - 3989. List the prime factors of o.
1621
Let o(b) = 4*b + 7. Let z be o(2). Let j be (-26)/6 + (-10)/z. List the prime factors of (-1)/(j/2) + (-15045)/(-75).
3, 67
Let x(v) = -281*v + 282. What are the prime factors of x(-8)?
2, 5, 11, 23
Let q(m) = m**2 - 7*m + 12. Let a be q(5). Suppose -2*n - 132 = -4*r, 0 = -2*n + r - 0*r - 138. List the prime factors of 3/a + n/(-20).
5
Let w = 187 + 480. Suppose -4*c = -q + 6*q - w, 3*c - 503 = -q. List the prime factors of c.
2, 3, 7
Let a be (-10)/55 + (-348)/22. Let q(v) = -3*v - 16 + v**2 - 5*v**2 + 17*v + 5*v**2. List the prime factors of q(a).
2
List the prime factors of 4/38 + -1 + (-1880064)/(-228).
5, 17, 97
What are the prime factors of -2 + (-89295)/(-9) + -2 + (-10)/(-3)?
3, 3307
Suppose 5*v + 5*k = 155, -4*k + 3*k = -v + 29. List the prime factors of 5/v - 11*2433/(-18).
1487
Let r(c) = -83*c - 122. Let i be r(-4). Let h = 1251 + i. List the prime factors of h.
3, 487
Let u(n) = -n + 65. Suppose -959*a + 954*a + 50 = 0. What are the prime factors of u(a)?
5, 11
Let n(r) = -r**2 - 59*r - 312. Let b be n(-6). What are the prime factors of (31809/46)/(3/b)?
3, 461
Suppose -g - 25 = 20. Let f = g + 28. Let k = -7 - f. List the prime factors of k.
2, 5
Let u be (9/(-5 + 2))/((-2)/2). Suppose -k + 72 = u*k. Suppose -k*t = -2114 - 1414. What are the prime factors of t?
2, 7
Suppose 0*g + 6 = -3*g - 4*d, -3*d = 3*g + 3. List the prime factors of 2 - (1 + g + -4 + -492).
3, 5, 11
Suppose 0 = -7*b + 3*b + 628. Suppose 3*a - 8 = x, 16*x - 13*x = 3. Suppose 3*s + a*c = -b + 610, 599 = 4*s + 3*c. What are the prime factors of s?
2, 73
Let t(y) = 1419*y**2 + 154*y - 470. What are the prime factors of t(3)?
12763
Let j(k) = 0*k + 11*k - 43 - k + k**2 - k. List the prime factors of j(-21).
11, 19
Let i(d) = 8*d + 56. Let j be i(-6). What are the prime factors of 6/j + (-821)/(-4)?
2, 103
Suppose 0 = -5*v + 2*i + 31, 0 = -3*v + 7*v + i - 17. Suppose -v*b - 3*w = -2863, 568 = 2*b - b - 4*w. Let f = 834 - b. List the prime factors of f.
2, 131
List the prime factors of (-4)/10 - (30/(-35) + 3687447/(-105)).
7, 29, 173
Let s = 3669 + 28327. List the prime factors of s.
2, 19, 421
Let c(r) = -r**2 + 3*r. Let v be c(7). Let g = v + 31. Suppose -3*b + 5*j + 270 = j, 2*j - 270 = -g*b. List the prime factors of b.
2, 3, 5
Let u(w) = 47*w**2 + 12*w - 7. Let g(k) = -47*k**2 - 14*k + 7. Let l(c) = 3*g(c) + 4*u(c). What are the prime factors of l(2)?
193
Let y(j) = j**2 - 10*j - 11. Let a be y(11). Let u be (-1)/3*((1 - a) + -448). Suppose u + 187 = 3*g. List the prime factors of g.
2, 7
Suppose -9*b + 18013 = 3100. Let t = -1012 + b. List the prime factors of t.
3, 5, 43
Let b = -57 - 24. What are the prime factors of ((-1456)/(-24))/((-6)/b)?
3, 7, 13
Suppose 0 = -3*x + 4*i - 0*i, x + 3*i = -13. Let g = -9 - x. What are the prime factors of -156*(g/15)/((-1)/(-2))?
2, 13
Suppose 2*u - 10 - 9 = -5*t, 4*t + 28 = 2*u. Suppose -5*s + 30 = -2*i, 0*s + 2*i = -2*s + u. What are the prime factors of (550/(-25))/((-4)/s)?
3, 11
Let c(t) = -47*t**2 - 5 + 97*t**2 - 51*t**2 + 2*t. Let x be c(0). List the prime factors of 10 - -3 - (-1 - x).
3
Let p = 6 + -24. Let l be 30174/54 + 2 + 32/p. Suppose -7*i + 435 = -l. What are the prime factors of i?
2, 71
Suppose -x - 1 = -10. Let b(l) = 20*l + 126 - 99 - 21*l. What are the prime factors of b(x)?
2, 3
Suppose 2*b = 17620 - 380 + 538. What are the prime factors of b?
3, 2963
Let l(b) = 3*b**2 - 158*b + 1153. What are the prime factors of l(-82)?
3, 13, 293
Let x(f) = 13*f**2 + 56*f - 400. What are the prime factors of x(32)?
2, 919
Suppose 2*v - 4*v = 4*g - 34, 3*v - 1 = 4*g. Suppose v*p - 1 - 27 = 0. List the prime factors of -14*((-104)/(-28) - p).
2
Suppose -15*l + 130211 - 24206 = 0. What are the prime factors of l?
37, 191
Let z(w) = -w. Let q(m) = -2*m**2 - 11*m + 21. Let b(t) = -q(t) + 5*z(t). Let l(x) = 3*x**2 + 45*x - 44. Let d be l(-16). What are the prime factors of b(d)?
5, 7
Let l = -845 - -82. What are the prime factors of (-5 + -4 - l) + -8?
2, 373
Suppose 0 = -2*u - 0*u - 2. Let y = 7 + u. Suppose -y*m + 392 - 92 = 0. List the prime factors of m.
2, 5
Let t be -1*(-2)/1 - 0. Suppose 6 = 19*y - 61 - 9. Suppose t*g + 341 = k + y*k, -320 = -5*k - 5*g. List the prime factors of k.
67
Let k = 488 - 468. Let f(v) = -2 + 6 - 19*v**2 + 2*v**3 - 19*v - v**3. What are the prime factors of f(k)?
2, 3
Let r(x) = 920*x**2 - x. Let f be r(-1). Suppose -5*h = 20, 6*h + f = y + 5*h. List the prime factors of y.
7, 131
Suppose -51 = -3*w - 4*f + 13, 0 = 4*w - 2*f - 100. Let x be (-8)/(-12)*w/(1 + 0). What are the prime factors of x*(-3)/6*(-7 + -2)?
2, 3
Suppose 1980 = 14*c - 736. Suppose -6*j + 262 = -c. What are the prime factors of j?
2, 19
Suppose 60 = k - 6*k. Let v be ((-9)/3)/(k/8). Suppose -v*p = 3*o - 71 - 126, 4*o - 286 = 2*p. List the prime factors of o.
3, 23
Suppose 29 = -3*d - 3*p + 5, 5*p + 8 = -d. Let f be 132/d*88/(-12) + 0. Suppose -f = -5*o + 59. What are the prime factors of o?
2, 3
Let v(l) = -5*l + 57. Let i(p) = -144*p + 144. Let a(y) = -11*y + 11. Let m(n) = -64*a(n) + 5*i(n). Let w be m(2). List the prime factors of v(w).
137
Suppose -98*d - m + 6473 = -97*d, d - 6482 = -4*m. List the prime factors of d.
2, 5, 647
Suppose 3*u = -3*n + 62808, -2*n + u = 5*u - 41858. List the prime factors of n.
3, 13, 179
Let j be (1141 + 1)/(8/20). Suppose 5*v = 55 + j. What are the prime factors of v?
2, 3, 97
Suppose -32 - 4 = -6*p. Suppose 0 = -2*l + p*l - 1792. What are the prime factors of l?
2, 7
Suppose 5*g + c = 23, 20 = 3*g + 3*c - 1. Let w(o) = 6*o**3 - 4*o**2 + 5*o - 4. List the prime factors of w(g).
2, 3, 7
Suppose -13*l + 44 - 70 = 0. List the prime factors of (-3)/4*8286/9*l.
1381
Let r be (-49 + 2/2)/((-88)/(-176)). Let h = 1167 - r. List the prime factors of h.
3, 421
Suppose 0 = -5*v + 2*v + 30. Let s(p) = -p**3 - 76*p**2 + 362*p + 54. Let l be s(-80). What are the prime factors of l/(-33) + v/(-55)?
2, 5
Let p(t) = 3*t**2 - 6*t - 15. Let g be p(7). Suppose -93*f + 2994 = -g*f. List the prime factors of f.
2, 499
Let h(a) = 5*a + 142. Let u be h(-27). Let l(m) = m**2. Let s(o) = -o**3 + 11*o**2 + 2*o + 15. Let j(z) = 5*l(z) - s(z). What are the prime factors of j(u)?
2, 5
Suppose 5*s + 5*d - 326966 = -32501, -3*d = 4*s - 235568. List the prime factors of s.
58889
Suppose -g - 1864*v + 58369 = -1867*v, 5*v + 20 = 0. What are the prime factors of g?
13, 67
Suppose 0 = v + 2*c + c - 34, -2*v + 65 = 5*c. Suppose -v*r = -4182 - 21318. List the prime factors of r.
2, 3, 5, 17
Let d(x) = -x - 3. Let z be d(-3). Suppose 3*o - 208 - 185 = z. What are the prime factors of o?
131
Suppose 4*m - z = 533 - 104, 0 = 2*m - 4*z